-39 + s. What is the highest common divisor of 90 and v?
10
Let q = -14703 + 21554. Calculate the greatest common divisor of q and 663.
221
Let o be (-4)/(-14) + (26/(-273) - (-117872)/336). Calculate the highest common factor of o and 3393.
117
Suppose -2*j = -p - 24 - 4, 5*p - 28 = -4*j. Suppose 61 = 118*f - 117*f. Let k = f + -52. Calculate the greatest common divisor of j and k.
3
Suppose 7*w + 76 = 9*w - 28. Suppose -6*f = -7*f + 468. What is the highest common divisor of w and f?
52
Let p(n) = n**3 + 32*n**2 + 12*n - 91. Let m be p(-32). Let f = m + 495. Calculate the highest common divisor of f and 8.
4
Let v(r) = 53*r**3 - 36*r**2 - 53*r + 242. Let h be v(2). Suppose -2*o - 5*m + 108 = 0, 3*m - 116 = -3*o + o. What is the greatest common factor of h and o?
32
Let v(d) = 4*d + 160. Let h be v(-40). Let b be (8 + -25)/(-1 - h). Let z = -1 - -35. Calculate the highest common divisor of z and b.
17
Let l(c) = 84*c**2 - 32*c + 143. Let f be l(7). Calculate the greatest common factor of 165 and f.
15
Let v be (-4 + 11)*4/7. Let d be (v/(-14))/(-4*2/448). Calculate the highest common factor of 2 and d.
2
Let z(y) = 169*y - 4548. Let d be z(28). What is the greatest common divisor of 5980 and d?
92
Let m = -477 - -681. Suppose 4*r + q - 46 = 0, -5*r + 337 = 5*q + 287. Calculate the highest common factor of m and r.
12
Let o(j) = -14*j + 6. Let t be ((-18)/(-4) + 1)*(21 - 23). Let l be o(t). What is the greatest common factor of l and 32?
32
Let y(m) = 62*m - 2594. Let a be y(42). What is the greatest common divisor of a and 6050?
10
Let i be 1136/28 - ((-12)/21)/(-1). Let p(w) = -w**2 + 10*w + 3. Let y be p(7). What is the highest common divisor of i and y?
8
Let b = -10991 + 11190. What is the greatest common divisor of b and 6169?
199
Suppose -4*h - 49*h - 90 = -68*h. Calculate the highest common divisor of h and 4.
2
Let v be (-6 + 18)*(3 + 193). Suppose 0*g + 21*g - v = 0. Calculate the highest common factor of 32 and g.
16
Let z be ((126/(-105))/((-7)/(-5)))/((-1)/1512). What is the greatest common factor of z and 1539?
81
Let m be ((-86)/129)/(2/(-6)). Let a = m + 19. Suppose c - 21 = -0*c. Calculate the highest common divisor of c and a.
21
Suppose -878 = -24*m - 206. What is the highest common divisor of m and 994?
14
Let b be 84/(-252) - 1/((-6)/290). Let p = 62 - b. Calculate the greatest common divisor of 112 and p.
14
Let n be 4/3*4983/22. Suppose -4*v + n = -4*c - 266, -3*v - 3*c = -402. Calculate the greatest common factor of 12 and v.
6
Let t = -142 + 330. Suppose 248*c = 239*c + 2115. Calculate the highest common factor of c and t.
47
Suppose 0 = 18*w + w - 228. Suppose 0 = 4*l + 4*d - 544, 4*d + 4 - 680 = -5*l. Suppose -6*b - w = -l. What is the greatest common factor of b and 60?
20
Suppose 0 = 33*z - 28*z + 6*f - 97, -f = -4*z + 66. Let g be 0 + -1 - (-172)/2. Calculate the highest common factor of z and g.
17
Let y(k) = -k**2 + 88*k - 1343. Let p be y(22). Calculate the greatest common divisor of p and 3161.
109
Let k(y) = -38 + 53 - 39 - 29*y. Let d be k(-3). Calculate the highest common factor of 21 and d.
21
Let w(c) = -3*c + 1. Let z be w(-2). Let m(t) = -t**2 - 4*t + 39. Let h be m(8). Let s = h + 134. Calculate the highest common factor of s and z.
7
Let w be (-199 + 214)*2/10. What is the greatest common divisor of w and 93?
3
Let q(u) = -2*u**2 + 93*u + 733. Let j be q(53). What is the greatest common divisor of 693 and j?
11
Let w be -1 + 2/(-4)*-74. Let t = 83 - 53. Suppose 0 = 3*g - t + 3. Calculate the highest common divisor of w and g.
9
Let r(g) = 22*g - 186. Suppose -274*t + 272*t + 20 = 0. Let f be r(t). What is the highest common divisor of f and 34?
34
Let u be 1 + 1 + 0 + -1419 + 1472. Calculate the greatest common divisor of 110 and u.
55
Let i be 941 + -19 + 35 + 15. Calculate the highest common divisor of i and 84.
12
Let v = -768 - -2999. Let c = v - 2147. Let m(i) = i**3 - 3*i**2 + 6. Let o be m(5). Calculate the highest common factor of o and c.
28
Suppose 4*l - 6 = -2*b - 2, -2*l + 2 = -b. Suppose b*a + a = 3. Let i be (-3 + ((-30)/(-7) - a))*-7. Calculate the greatest common divisor of i and 3.
3
Let m be (1*-41)/(19 + -20). Let j be (m/4 - -4)/(3/36). Calculate the highest common divisor of 19 and j.
19
Let m(c) = -12*c - 105. Let w be m(-9). Suppose 0 = -x + w*n + 78, 2*x - 2*n - 171 = -n. What is the highest common divisor of x and 696?
87
Let i = -12482 + 12497. Suppose 4*y - 53 - 62 = -d, y - 5*d - 55 = 0. Calculate the highest common divisor of i and y.
15
Let d be ((-6)/1)/(3/(-2)). Let v be d*1 + (14 - 15). Suppose -v*w + 2*b = -16, 5*w = -3*b + 4*b + 36. What is the greatest common divisor of w and 4?
4
Let m(a) = -2*a - 6. Let s be m(-6). Suppose 9*y + s = 114. What is the greatest common divisor of y and 28?
4
Let r(l) = -79*l - 65. Let s be r(-2). Let t = 113 - s. What is the highest common divisor of t and 10?
10
Suppose 2*g + 100 = 7*u - 2*u, 4*u - 5*g = 63. Suppose 10 = -4*p + u. Suppose 2*i - p*i + 28 = 0. Calculate the greatest common divisor of 224 and i.
28
Suppose -2*v = -5*j + 446, -2*j + 188 = 30*v - 34*v. What is the highest common factor of 253 and j?
11
Let i be (-770)/(-15) - 4/(-6). Suppose -3*y + h + 84 = 2, -4*y + 2*h + 112 = 0. Calculate the greatest common divisor of i and y.
26
Let x be (-6)/(1*(-8)/16)*(-858)/(-4). Calculate the greatest common divisor of x and 18.
18
Let g = 81 + -84. Let f be (-4*(-56 + g))/(-2). Let x = f - -184. What is the highest common factor of 33 and x?
33
Let f(o) = 2*o**3 + 15*o**2 - 13*o - 38. Let x be f(-8). Suppose -x*v = -4*y + 107 + 11, -2*v + 2 = 0. What is the greatest common divisor of 570 and y?
30
Let s be (-3 - 0)*(0 + -1). Suppose 22 = s*k - 8. Suppose -5*u = -2*l + 3*l - 35, -l - 4*u = -34. What is the highest common factor of k and l?
10
Suppose 2*w - 4*z - 316 = 0, 8*z = 3*w + 3*z - 470. Calculate the greatest common factor of w and 102.
6
Let g be (-1328)/(-19920) - ((-4334)/15 - 0). Calculate the greatest common factor of 136 and g.
17
Suppose 3*t - 21 = 4*b - 2*b, t + 1 = -2*b. Let p(z) = -52*z - 96. Let l be p(b). What is the greatest common factor of l and 60?
60
Suppose y = 4*t + 241 + 137, 5*t = y - 370. Calculate the highest common factor of y and 20.
10
Suppose -11*y + 7906 = 3*y - 28634. What is the highest common divisor of y and 120?
30
Let q(v) be the third derivative of v**6/120 - v**5/6 + 29*v**4/24 - 13*v**3/6 - 55*v**2. Let o be q(8). What is the greatest common divisor of o and 14?
7
Let u be (77952/40)/8 + 2/5. Suppose 3*v - 2*v - u = -n, -4*n = -v - 971. What is the highest common factor of n and 27?
27
Suppose 2*w = 4*w + 5*g - 132, 0 = -4*w - 3*g + 278. Let a = w - 26. Calculate the greatest common factor of 144 and a.
9
Let c = 114465 - 114455. Let z(r) = -r + 170. Let d be z(0). What is the highest common divisor of d and c?
10
Suppose 0 = -41*a + 3608 + 15416. What is the greatest common divisor of a and 128?
16
Suppose 1136 = -10*v + 1886. Calculate the highest common divisor of 475 and v.
25
Let k(x) = x + 6. Let g(w) = w + 6. Let f(o) = -6*g(o) + 5*k(o). Let a be f(-11). Suppose 7 = 2*c - a. Calculate the highest common divisor of 3 and c.
3
Suppose -5 = -8*t + 59. Suppose -1088 = -25*p + t*p. Suppose 2*h = p + 112. Calculate the highest common factor of 11 and h.
11
Suppose 27 = 7*c + 6. Suppose 5*l + c*f - 63 = 201, -4*l = -f - 201. What is the greatest common divisor of 17 and l?
17
Let x be 6*(-7352)/(-32) + 21/(-14). What is the greatest common factor of 68 and x?
17
Let n(b) be the first derivative of -b**3/3 - 13*b**2/2 - 6*b + 2. Let f be n(-12). Let x be 10/(0 - 5/(-15)). Calculate the highest common divisor of x and f.
6
Let i be (-1093)/(-4) - (-3)/(-12). Let u be (78/(-8))/(1827/(-7308)). What is the greatest common factor of u and i?
39
Let n = -24 + 30. Let q(d) = 7*d + 14. Let i be q(n). Suppose 3*c = -c - 4*y + 200, c - 5*y = i. Calculate the greatest common divisor of c and 34.
17
Let d(r) = -r + 420. Let l be d(-7). Calculate the greatest common factor of 14 and l.
7
Let p(a) = a**3 + 16*a**2 + 21*a - 26. Let r be p(-14). Calculate the greatest common divisor of r and 148.
4
Let h be ((-72)/(-21))/(11*(-15)/(-10395)). Calculate the highest common divisor of h and 243.
27
L